{"id":29,"date":"2021-03-23T09:19:54","date_gmt":"2021-03-23T09:19:54","guid":{"rendered":"https:\/\/bubblyapp.cz\/?page_id=29"},"modified":"2021-06-30T18:44:42","modified_gmt":"2021-06-30T18:44:42","slug":"zasady-ochrany-osobnich-udaju","status":"publish","type":"page","link":"https:\/\/bubblyapp.cz\/index.php\/zasady-ochrany-osobnich-udaju\/","title":{"rendered":"Z\u00e1sady ochrany osobn\u00edch \u00fadaj\u016f"},"content":{"rendered":"\t\t<div data-elementor-type=\"wp-page\" data-elementor-id=\"29\" class=\"elementor elementor-29\" data-elementor-settings=\"[]\">\n\t\t\t\t\t\t\t<div class=\"elementor-section-wrap\">\n\t\t\t\t\t\t\t<section class=\"elementor-section elementor-top-section elementor-element elementor-element-0a21edc elementor-section-boxed elementor-section-height-default elementor-section-height-default\" data-id=\"0a21edc\" data-element_type=\"section\">\n\t\t\t\t\t\t<div class=\"elementor-container elementor-column-gap-default\">\n\t\t\t\t\t<div class=\"elementor-column elementor-col-100 elementor-top-column elementor-element elementor-element-24088d2\" data-id=\"24088d2\" data-element_type=\"column\">\n\t\t\t<div class=\"elementor-widget-wrap elementor-element-populated\">\n\t\t\t\t\t\t\t\t<div class=\"elementor-element elementor-element-155c147 elementor-widget elementor-widget-heading\" data-id=\"155c147\" data-element_type=\"widget\" data-widget_type=\"heading.default\">\n\t\t\t\t<div class=\"elementor-widget-container\">\n\t\t\t<h2 class=\"elementor-heading-title elementor-size-default\">Z\u00e1sady ochrany osobn\u00edch \u00fadaj\u016f<\/h2>\t\t<\/div>\n\t\t\t\t<\/div>\n\t\t\t\t<div class=\"elementor-element elementor-element-53a0c0c elementor-widget elementor-widget-text-editor\" data-id=\"53a0c0c\" data-element_type=\"widget\" data-widget_type=\"text-editor.default\">\n\t\t\t\t<div class=\"elementor-widget-container\">\n\t\t\t\t\t<div class=\"elementor-text-editor elementor-clearfix\"><p><span style=\"white-space: pre-wrap;\">Spole\u010dnost Bubbly Corp, s.r.o. bere ochranu va\u0161eho soukrom\u00ed velmi v\u00e1\u017en\u011b. Tyto Z\u00e1sady ochrany osobn\u00edch \u00fadaj\u016f jsou ur\u010deny pro n\u00e1v\u0161t\u011bvn\u00edky na\u0161\u00ed webov\u00e9 prezentace a \u010dlensk\u00e9 sekce, kter\u00e9 jsou uvedeny n\u00ed\u017ee a z\u00e1stupce na\u0161ich klient\u016f a dodavatel\u016f.<\/span><\/p><p>Tato str\u00e1nka obsahuje informace o tom, jak\u00e1 osobn\u00ed data Spole\u010dnost shroma\u017e\u010fuje, kde a jak jsou zpracov\u00e1v\u00e1na, kdo k nim m\u00e1 p\u0159\u00edstup a jak\u00e1 jsou pr\u00e1va t\u011bch, jejich\u017e data jsou u n\u00e1s zpracov\u00e1v\u00e1na.<\/p><p><span style=\"background-color: var( --e-global-color-primary ); color: var( --e-global-color-9b35439 );\">Obsah t\u00e9to str\u00e1nky\u00a0<\/span>m\u016f\u017ee b\u00fdt, v\u010detn\u011b dodatk\u016f, v pr\u016fb\u011bhu \u010dasu aktualizov\u00e1na tak, aby odpov\u00eddal aktu\u00e1ln\u00ed situaci jak intern\u00ed ve zp\u016fsobu zach\u00e1zen\u00ed s osobn\u00edmi \u00fadaji, tak p\u0159\u00edpadn\u00fdm zm\u011bn\u00e1m v legislativ\u011b. V p\u0159\u00edpad\u011b v\u011bt\u0161\u00edch zm\u011bn bude informace o t\u011bchto zm\u011bn\u00e1ch uvedena na na\u0161\u00ed webov\u00e9 prezentaci.<\/p><h3>Jak\u00e1 osobn\u00ed data uchov\u00e1v\u00e1me<\/h3><p>Zde uv\u00e1d\u00edme maxim\u00e1ln\u00ed mno\u017estv\u00ed \u00fadaj\u016f, kter\u00e9 o jedn\u00e9 osob\u011b m\u016f\u017eeme m\u00edt, v\u011bt\u0161inou se jedn\u00e1 o ur\u010ditou podmno\u017einu:<\/p><ul><li><span style=\"background-color: var( --e-global-color-primary ); color: var( --e-global-color-9b35439 ); font-style: inherit; font-weight: inherit;\">kontaktn\u00ed informace (jm\u00e9no, p\u0159\u00edjmen\u00ed, adresa, e-mail, telefonn\u00ed \u010d\u00edslo a dal\u0161\u00ed)<\/span><\/li><li>u\u017eivatelsk\u00e9 jm\u00e9no a heslo pro p\u0159ihl\u00e1\u0161en\u00ed po\u0159adatele na na\u0161ich webov\u00fdch str\u00e1nk\u00e1ch<\/li><li>jin\u00e9 informace, kter\u00e9 n\u00e1m poskytnete p\u0159i vypl\u0148ov\u00e1n\u00ed formul\u00e1\u0159\u016f na na\u0161ich webov\u00fdch str\u00e1nk\u00e1ch<\/li><\/ul><p>D\u00e1le m\u016f\u017eeme shroma\u017e\u010fovat \u00fadaje, kter\u00e9 n\u00e1m poskytnete o jin\u00fdch osob\u00e1ch, nap\u0159. kontaktn\u00ed \u00fadaje na osoby, kter\u00e9 spolu s v\u00e1mi nebo na v\u00e1\u0161 pokyn vstupuj\u00ed do interakce s n\u00e1mi.<\/p><h3>Jak\u00e1 data se sb\u00edraj\u00ed automaticky<\/h3><p>Spole\u010dnost <span style=\"white-space: pre-wrap;\">Bubbly Corp, s.r.o.<\/span> provozuje n\u00e1sleduj\u00edc\u00ed webov\u00e9 str\u00e1nky:<\/p><ul><li>www.bubblyapp.cz<\/li><\/ul><p>Kdy\u017e tyto str\u00e1nky nav\u0161t\u00edv\u00edte, mohou b\u00fdt informace shroma\u017e\u010fov\u00e1ny automaticky, nap\u0159. pomoc\u00ed soubor\u016f cookies a log\u016f webov\u00fdch server\u016f. U t\u011bchto informac\u00ed krom\u011b velmi v\u00fdjime\u010dn\u00fdch p\u0159\u00edpad\u016f nev\u00edme, kter\u00e9 osob\u011b konkr\u00e9tn\u011b pat\u0159\u00ed a jedn\u00e1 se o n\u00e1sleduj\u00edc\u00ed informace:<\/p><ul><li>typ a verzi va\u0161eho prohl\u00ed\u017ee\u010de<\/li><li>verzi a jazykov\u00e9 nastaven\u00ed opera\u010dn\u00edho syst\u00e9mu<\/li><li>ze kter\u00e9 str\u00e1nky jste k n\u00e1m p\u0159i\u0161li<\/li><li>jm\u00e9no po\u010d\u00edta\u010de, ze kter\u00e9ho p\u0159istupujete<\/li><li>IP adresu po\u010d\u00edta\u010de, ze kter\u00e9ho p\u0159istupujete<\/li><li>str\u00e1nky, kter\u00e9 na na\u0161em webu nav\u0161t\u00edv\u00edte<\/li><li>\u010das, datum a d\u00e9lku po\u017eadavku, kter\u00fd poslal v\u00e1\u0161 prohl\u00ed\u017ee\u010d na n\u00e1\u0161 webov\u00fd server<\/li><li>hledan\u00e9 v\u00fdrazy, kter\u00e9 jste pou\u017eili k nalezen\u00ed na\u0161eho webu, pokud jste p\u0159i\u0161li p\u0159es vyhled\u00e1va\u010d<\/li><\/ul><p>Cookie je kr\u00e1tk\u00fd textov\u00fd soubor, kter\u00fd nav\u0161t\u00edven\u00e1 webov\u00e1 str\u00e1nka ode\u0161le do va\u0161eho prohl\u00ed\u017ee\u010de. Umo\u017e\u0148uje n\u00e1m zaznamenat informace o va\u0161\u00ed n\u00e1v\u0161t\u011bv\u011b, nap\u0159\u00edklad preferovan\u00fd jazyk a dal\u0161\u00ed nastaven\u00ed. P\u0159\u00ed\u0161t\u00ed n\u00e1v\u0161t\u011bva str\u00e1nek tak m\u016f\u017ee b\u00fdt snaz\u0161\u00ed a produktivn\u011bj\u0161\u00ed. Soubory cookie si m\u016f\u017eete ve sv\u00e9m prohl\u00ed\u017ee\u010di zak\u00e1zat \u010di omezit, vezm\u011bte v\u0161ak pros\u00edm na v\u011bdom\u00ed, \u017ee n\u011bkter\u00e9 funkce na\u0161ich webov\u00fdch str\u00e1nek mohou b\u00fdt omezen\u00e9 \u010di zcela nedostupn\u00e9, jako nap\u0159\u00edklad registrace, p\u0159i kter\u00e9 pou\u017e\u00edv\u00e1me cookie k zabezpe\u010den\u00ed va\u0161eho p\u0159ihl\u00e1\u0161en\u00ed.<\/p><p>Na na\u0161ich webech pou\u017e\u00edv\u00e1me analytick\u00e9 slu\u017eby t\u0159et\u00edch stran, nap\u0159\u00edklad Google Analytics. Poskytovatel\u00e9 analytick\u00fdch slu\u017eeb, kte\u0159\u00ed tyto provozuj\u00ed, pou\u017e\u00edvaj\u00ed technologie, jako jsou soubory cookie, logy webov\u00fdch server\u016f a webov\u00e9 maj\u00e1ky, aby n\u00e1m pomohli analyzovat vyu\u017e\u00edv\u00e1n\u00ed web\u016f. Informace z\u00edskan\u00e9 t\u011bmito zp\u016fsoby (v\u010detn\u011b IP adresy) mohou b\u00fdt sd\u011bleny t\u011bmto poskytovatel\u016fm analytick\u00fdch slu\u017eeb a jin\u00fdm relevantn\u00edm t\u0159et\u00edm stran\u00e1m, kter\u00e9 tyto informace pou\u017e\u00edvaj\u00ed nap\u0159\u00edklad k vyhodnocen\u00ed vyu\u017eit\u00ed web\u016f. Pro v\u00edce informac\u00ed o t\u011bchto analytick\u00fdch slu\u017eb\u00e1ch a o tom, jak se z nich odhl\u00e1sit, nav\u0161tivte n\u00e1sleduj\u00edc\u00ed internetov\u00e9 str\u00e1nky:<\/p><ul><li>Google Analytics: https:\/\/tools.google.com\/dlpage\/gaoptou<\/li><\/ul><h3><strong>Pro\u010d osobn\u00ed data m\u00e1me<\/strong><\/h3><p>Va\u0161e osobn\u00ed data m\u00e1me proto, abychom mohli vykon\u00e1vat n\u00e1sleduj\u00edc\u00ed \u010dinnosti:<\/p><ul><li>zprost\u0159edkovat nebo zajistit slu\u017eby kter\u00e9 popt\u00e1v\u00e1te nebo o n\u011b m\u00e1te z\u00e1jem<\/li><li>zpracov\u00e1vat platby<\/li><li>rozes\u00edlat marketingov\u00e9 materi\u00e1ly ohledn\u011b na\u0161ich produkt\u016f a slu\u017eeb<\/li><li>odpov\u00eddat na va\u0161e dotazy<\/li><li>analyzovat na\u0161e slu\u017eby a hledat zp\u016fsoby, jak zvy\u0161ovat jejich kvalitu a v\u00fdnosnost, a to nap\u0159\u00edklad anal\u00fdzou dat, prov\u00e1d\u011bn\u00edm audit\u016f a dal\u0161\u00edch intern\u00edch proces\u016f<\/li><li>prov\u00e1d\u011bt kroky pot\u0159ebn\u00e9 k ochran\u011b proti podvod\u016fm a jin\u00e9 nez\u00e1konn\u00e9 \u010dinnosti<\/li><\/ul><h3><strong>Kdo m\u00e1 k osobn\u00edm dat\u016fm p\u0159\u00edstup<\/strong><\/h3><p>Va\u0161e osobn\u00ed \u00fadaje vid\u00ed pouze zam\u011bstnanci, kte\u0159\u00ed pracuj\u00ed na dod\u00e1n\u00ed relevantn\u00ed slu\u017eby a d\u00e1le je sd\u00edl\u00edme s dodavateli, kte\u0159\u00ed poskytuj\u00ed slu\u017eby na\u0161\u00edm jm\u00e9nem na z\u00e1klad\u011b na\u0161ich instrukc\u00ed. Tito dodavatel\u00e9 maj\u00ed opr\u00e1vn\u011bn\u00ed pou\u017e\u00edt informace pouze k \u00fa\u010del\u016fm, ke kter\u00fdm byly z\u00edsk\u00e1ny.<\/p><p>V opodstatn\u011bn\u00fdch a sp\u00ed\u0161e v\u00fdjime\u010dn\u00fdch p\u0159\u00edpadech m\u016f\u017eete \u00fadaje sd\u00edlet s dal\u0161\u00edmi osobami, nap\u0159\u00edklad subdodavateli a konzultanty, abychom mohli na\u0161i slu\u017ebu l\u00e9pe poskytnout.<\/p><p>D\u00e1le m\u016f\u017eeme va\u0161e osobn\u00ed \u00fadaje sd\u011blovat na z\u00e1klad\u011b soudn\u00ed pravomoci a tam, kde je podobn\u00fd po\u017eadavek v souladu se z\u00e1kony nebo jin\u00fdmi z\u00e1konn\u00fdmi procesy.<\/p><p>V p\u0159\u00edpad\u011b koup\u011b nebo prodeje Spole\u010dnosti nebo aktiv mohou b\u00fdt osobn\u00ed data sd\u011blena t\u0159et\u00edm stran\u00e1m, je\u017e jsou potenci\u00e1ln\u00edmi kupuj\u00edc\u00edmi nebo prod\u00e1vaj\u00edc\u00edmi a v p\u0159\u00edpad\u011b realizace transakce mohou b\u00fdt osobn\u00ed data p\u0159evedena t\u0159et\u00ed stran\u011b s t\u00edm, \u017ee se v maxim\u00e1ln\u00ed mo\u017en\u00e9 m\u00ed\u0159e budeme sna\u017eit zachovat d\u016fv\u011brnost va\u0161ich osobn\u00edch \u00fadaj\u016f.<\/p><h3><strong>Jak jsou va\u0161e osobn\u00ed data zabezpe\u010dena<\/strong><\/h3><p>Va\u0161e osobn\u00ed data udr\u017eujeme v bezpe\u010d\u00ed nastaven\u00edm, pravidelnou reviz\u00ed a aktualizac\u00ed technick\u00fdch a organiza\u010dn\u00edch opat\u0159en\u00ed zam\u011b\u0159en\u00fdch na ochranu va\u0161ich osobn\u00edch \u00fadaj\u016f p\u0159ed ne\u00famysln\u00fdm nebo nez\u00e1konn\u00fdm zni\u010den\u00edm, ne\u00famyslnou ztr\u00e1tou \u010di zm\u011bnou, neautorizovan\u00fdm zve\u0159ejn\u011bn\u00edm nebo p\u0159\u00edstupem a jak\u00fdmikoli dal\u0161\u00edmi nez\u00e1konn\u00fdmi formami zpracov\u00e1n\u00ed.<\/p><h3><strong>Va\u0161e pr\u00e1va a jak kontaktovat<\/strong><\/h3><p>Pokud chcete v\u011bd\u011bt, jak\u00e1 osobn\u00ed data o v\u00e1s m\u00e1me, ov\u011b\u0159it si jejich aktu\u00e1lnost nebo vyu\u017e\u00edt jin\u00fdch pr\u00e1v, vypl\u00fdvaj\u00edc\u00edch z platn\u00e9 legislativy, napi\u0161te n\u00e1m na: pavel@bubblyapp.cz.<\/p><\/div>\n\t\t\t\t<\/div>\n\t\t\t\t<\/div>\n\t\t\t\t\t<\/div>\n\t\t<\/div>\n\t\t\t\t\t\t\t<\/div>\n\t\t<\/section>\n\t\t\t\t\t\t<\/div>\n\t\t\t\t\t<\/div>\n\t\t","protected":false},"excerpt":{"rendered":"<p>Z\u00e1sady ochrany osobn\u00edch \u00fadaj\u016f Spole\u010dnost Bubbly Corp, s.r.o. bere ochranu va\u0161eho soukrom\u00ed velmi v\u00e1\u017en\u011b. Tyto Z\u00e1sady ochrany osobn\u00edch \u00fadaj\u016f jsou ur\u010deny pro n\u00e1v\u0161t\u011bvn\u00edky na\u0161\u00ed webov\u00e9 prezentace a \u010dlensk\u00e9 sekce, kter\u00e9 jsou uvedeny n\u00ed\u017ee a z\u00e1stupce na\u0161ich klient\u016f a dodavatel\u016f. Tato str\u00e1nka obsahuje informace o tom, jak\u00e1 osobn\u00ed data Spole\u010dnost shroma\u017e\u010fuje, kde a jak jsou zpracov\u00e1v\u00e1na, &hellip;<\/p>\n<p class=\"read-more\"> <a class=\"\" href=\"https:\/\/bubblyapp.cz\/index.php\/zasady-ochrany-osobnich-udaju\/\"> <span class=\"screen-reader-text\">Z\u00e1sady ochrany osobn\u00edch \u00fadaj\u016f<\/span> Pokra\u010dovat ve \u010dten\u00ed &raquo;<\/a><\/p>\n","protected":false},"author":1,"featured_media":0,"parent":0,"menu_order":0,"comment_status":"closed","ping_status":"closed","template":"","meta":[],"_links":{"self":[{"href":"https:\/\/bubblyapp.cz\/index.php\/wp-json\/wp\/v2\/pages\/29"}],"collection":[{"href":"https:\/\/bubblyapp.cz\/index.php\/wp-json\/wp\/v2\/pages"}],"about":[{"href":"https:\/\/bubblyapp.cz\/index.php\/wp-json\/wp\/v2\/types\/page"}],"author":[{"embeddable":true,"href":"https:\/\/bubblyapp.cz\/index.php\/wp-json\/wp\/v2\/users\/1"}],"replies":[{"embeddable":true,"href":"https:\/\/bubblyapp.cz\/index.php\/wp-json\/wp\/v2\/comments?post=29"}],"version-history":[{"count":18,"href":"https:\/\/bubblyapp.cz\/index.php\/wp-json\/wp\/v2\/pages\/29\/revisions"}],"predecessor-version":[{"id":483,"href":"https:\/\/bubblyapp.cz\/index.php\/wp-json\/wp\/v2\/pages\/29\/revisions\/483"}],"wp:attachment":[{"href":"https:\/\/bubblyapp.cz\/index.php\/wp-json\/wp\/v2\/media?parent=29"}],"curies":[{"name":"wp","href":"https:\/\/api.w.org\/{rel}","templated":true}]}}